is the tens digit of m?
2
Let m = 588 + -583. Suppose 0 = 5*i + 5*c - 3525, -2109 = -2*i - i - m*c. What is the tens digit of i?
0
Let j = 17215 - -7691. What is the units digit of j?
6
Let p be (-8 + (-2)/(-1))/((-3)/6). Suppose 0 = 2*s - 0*s + 2*q - p, 3*s + 4*q = 21. Suppose -82 = -s*j + j. What is the tens digit of j?
4
Let q = -17646 - -30482. What is the hundreds digit of q?
8
Let c(v) = 180*v + 59. Let k be c(2). Let s = k - 372. What is the tens digit of s?
4
Let d = 64 + -59. Suppose 2*g = 4*g - 6, 5*g - 4095 = d*n. What is the tens digit of n/(-20)*(-4)/6*-5?
3
Let i = 291 + -289. Suppose 2*d - 8 = 0, -5*d + 896 = i*y - 1796. What is the tens digit of y?
3
Suppose 0 = -3*s - c - 5, 0*s + 5*c + 25 = 5*s. Suppose 219 - 12 = 2*h - 3*b, -b + 3 = s. Suppose 0 = 8*u - 372 - h. What is the units digit of u?
0
Suppose -3*b = -b - 12. Let m(r) = 5*r + 21. Let c(w) = 9*w + 41. Let g(z) = b*c(z) - 11*m(z). What is the tens digit of g(-15)?
3
Let m be 5 + -1 - ((-16)/4 - -1). What is the units digit of ((m - 5) + 926)/(8 - 6)?
4
Let x = 8748 + -5246. What is the tens digit of x?
0
Let y be 2/(1 + 45/(-39)). Let j be (1 - 1) + (-8 - y). Suppose 2*r + j = 161. What is the tens digit of r?
7
Suppose 27*h + 60269 - 455657 = 0. What is the ten thousands digit of h?
1
Suppose 1876 = -4*i - 764. Let c = i - -1164. What is the units digit of c?
4
Let h = -40 + 40. Suppose -16 = 2*t + 5*v, h = 3*t + 3*v - 2*v + 11. What is the tens digit of 45 + 2 + (t - -4 - -1)?
4
Let f(n) = 1190*n - 7306. What is the tens digit of f(34)?
5
Let i(d) = 889*d**2 - 12*d - 54. What is the thousands digit of i(-3)?
7
Suppose 11*m = 20*m - 3*l - 156813, 17405 = m - 3*l. What is the thousands digit of m?
7
Let p be (4 + (-310)/15)*-3. Suppose 6 = -4*s + p. Suppose 4*w = 33 + s. What is the units digit of w?
1
Let s(a) = -4*a - 27. Let w be ((-22)/2 - -2) + 0. Let h be s(w). Let c = h - -7. What is the tens digit of c?
1
Suppose 3*s + 5*b = 7417, -2588 = -2*s - 4*b + 2356. Suppose -9098 + s = -24*k. What is the hundreds digit of k?
2
Suppose -17 = 5*y + 3*a - 42, 20 = 4*y + 4*a. Suppose -3*g + y*i + 5 = -8*g, 0 = -2*g - 3*i - 5. What is the units digit of (-6 + 4)*(-19)/g?
9
Let d = -6017 + 14204. What is the units digit of d?
7
Let b(k) be the first derivative of k**4/2 - 13*k**3/3 - 3*k**2/2 + 28*k + 177. What is the units digit of b(7)?
6
Let k(j) = -5*j**3 + 2*j**2 + 17*j - 36. Let m be k(12). What is the tens digit of ((-2)/(-6))/((-11)/m)?
4
Suppose 5054 = w + 5*x, -6514 = -5*w - 3*x + 18646. What is the thousands digit of w?
5
Let h = -63 - -65. Suppose 3*l - 6*l + 698 = y, -460 = -2*l + h*y. What is the hundreds digit of l?
2
Suppose 12*q = 4*q. Let p be q - (18/(-15))/((-2)/295). Let k = 262 + p. What is the tens digit of k?
8
Let u(o) = -o**3 - 124*o**2 - 926*o + 363. What is the units digit of u(-120)?
3
Let s(j) = 10*j**2 - 8*j - 111. Let g be (-22)/6*(20 + -17). What is the thousands digit of s(g)?
1
Let o = 29631 + -11714. What is the tens digit of o?
1
Suppose 9*n + 837 = -0*n. Let s = n + 116. Let t(m) = -m**2 + 31*m - 58. What is the hundreds digit of t(s)?
1
Let d = 34 - 79. Suppose 0 = -2*b - 0*b + 150. Let w = d + b. What is the units digit of w?
0
Let p = -92 - -117. Suppose -3519 = p*d - 15569. What is the tens digit of d?
8
What is the tens digit of 445448/16 - (-13)/(-234)*9?
4
Let c be (-4)/(-5) + 20/(-25) + 1. Let i be (2*7/(-3)*-9)/c. Let f = -19 + i. What is the tens digit of f?
2
Suppose 0 = -2*c + 4*c - 1772. Suppose -z + c + 115 = 0. Suppose 12*d = 5*d + z. What is the units digit of d?
3
Let p = -17277 - -19767. What is the tens digit of p?
9
Let v(p) = 4*p + 26. Let u be v(-6). Suppose -4*m = 7*y - 5*y - 596, -603 = -u*y + 3*m. What is the units digit of y?
0
Let v be ((-5)/(-2))/((-2)/(-4)) - (-15 + 19). Let i(p) be the first derivative of 4*p**3 + 2*p + 1. What is the units digit of i(v)?
4
Let n = 341 + -341. Suppose -4*z = 6*s - 3888, n*z = 4*s + 3*z - 2592. What is the hundreds digit of s?
6
Let z(j) = 49*j - 109. Let w be z(6). Suppose w + 379 = 3*m. What is the units digit of m?
8
Suppose 25*t = 3*t + 6512. Suppose -5*d = -3*k + 1379, 4*d + t = k - 173. What is the tens digit of k?
5
Suppose -3*k = -4*k, 0 = -3*h - k + 72. Suppose 0*t = -6*t - h. What is the tens digit of 0 - (-15 + -2) - t/1?
2
Let p(x) be the first derivative of -x**4/4 - 38*x**3/3 - 15*x**2/2 - 21*x - 57. What is the units digit of p(-38)?
9
Let y = -9 + 14. Suppose -5*d + a = 6*a - 15, a = -5*d - y. What is the tens digit of d + -2 + 86 + 2?
8
Suppose q - 2*q = -4*p - 44, -3*p - 105 = -3*q. Let g be 5*(2 - q/10). What is the units digit of (-24 + 21)/(2/g)?
9
Let q(f) be the second derivative of -f**4/4 + 5*f**3/6 + 11*f**2/2 - 22*f. Let j(d) = d. Let v(o) = 3*j(o) - q(o). What is the tens digit of v(6)?
8
What is the tens digit of (-6)/((-24)/28) - (-17797)/13?
7
Suppose -11*z = -10*z - 10. Let l(m) = 25*m + 89. What is the units digit of l(z)?
9
Let s be (12 - -413)*(-2)/(-2). Suppose -4*c = 4*d + 170 + 230, -s = 4*d - c. Let j = -60 - d. What is the units digit of j?
5
Let k = 1913 + 3164. What is the hundreds digit of k?
0
Let p(j) = j**2 + 7*j - 9. Let a(i) = i + 1. Let w(d) = a(d) + p(d). Suppose -41*u - 21 - 348 = 0. What is the units digit of w(u)?
1
Suppose 12*g = -4*g + 126480. Suppose 19*x - g = 4*x. What is the hundreds digit of x?
5
Let a(c) = 4 + 10*c - c**3 + 12 + 9 - 15*c**2 - 6. Let l be a(-16). Suppose -2*s + 263 = 2*s - 5*r, 2*s = -3*r + l. What is the tens digit of s?
6
What is the tens digit of (970/4)/(2/4)*8?
8
Suppose -14*j = -221153 - 11448 - 12497. What is the thousands digit of j?
7
Suppose -2*f + 124664 = 4*b, -4*b + 844 + 123820 = -f. What is the units digit of b?
6
Let m = -4216 - -4282. Suppose -30 = -5*c - 5*v, 0 = 5*c - c - 4*v. Suppose -m = -c*l - 6. What is the units digit of l?
0
Let n(k) = k**3 + 36*k**2 - 9*k - 10. Let h be n(-35). Suppose 0*r = -17*r + h. What is the tens digit of r?
9
Let i be (7/(-28))/((-1)/20). Suppose b - i*t = -b + 295, -4*b - 4*t = -548. What is the hundreds digit of b?
1
Suppose 16930 = 4*i - 5*v, 3*i = 46*v - 49*v + 12711. What is the hundreds digit of i?
2
Suppose 5*f - 254 = 12*n - 15*n, 4*n + 3*f - 357 = 0. Let h be (-1)/(-3) + 284/(-6). Let l = h + n. What is the units digit of l?
6
Let p(g) be the first derivative of 17 + 17/2*g**2 - 5*g. What is the units digit of p(2)?
9
Let n(l) = 30*l**3 - l**2 - 2*l. Let f be n(2). Let d = f + 72. What is the tens digit of d?
0
Suppose 3*i = 900 + 240. Let m = i - -54. What is the hundreds digit of m?
4
Suppose -28*n + 27*n + 3*x = -48172, -2*n + 2*x = -96340. What is the hundreds digit of n?
1
Let y(k) be the second derivative of -k**5/20 - 23*k**4/12 - 47*k**3/6 + 17*k**2/2 + 17*k. What is the units digit of y(-22)?
7
Let i(t) be the first derivative of -t**3/3 + 3*t**2 + 18*t - 5. Let d be i(-6). What is the tens digit of (-1182)/d + (-4)/(-36)?
2
Suppose 72*p - 620 = 67*p. Suppose 4*j = 7*j - 5*y - 358, j - p = -3*y. What is the hundreds digit of j?
1
Let k = 4992 - 4986. Let q = 262 - 79. Suppose 3*s = k*s - v - 563, s + 2*v = q. What is the units digit of s?
7
Let p be 2 + (-12 + 4)/(-4). Let s = p + -3. Suppose -s = -t, -5*u - 4*t + 389 = 30. What is the tens digit of u?
7
Let g = -246 + 250. Suppose -g*a + 2247 = -r + 243, -4*a - r = -2004. What is the tens digit of a?
0
Let d be (39/18 - 2)*2*6. Let l(m) = 10*m**2 - 2 - 247*m + 256*m + 18*m**d. What is the tens digit of l(-3)?
2
Let s be -4*2/((-40)/75). Suppose -2 - s = -17*v. What is the tens digit of (-1 - 66 - v)/(22/(-55))?
7
Suppose -2*j + 18 = -4*x - 0, 0 = -2*j - x - 7. Let o be (388*j)/((10 - 2)/(-4)). Suppose -583 = -7*g + o. What is the tens digit of g?
1
Let i = -11 + 6. Let s(p) = 19*p**3 + 14*p**2 - 2*p + 141. Let r(o) = -12*o**3 - 9*o**2 + o - 90. Let u(l) = 8*r(l) + 5*s(l). What is the units digit of u(i)?
0
Suppose 4*a = 8*a + 3*c - 485, -a + 4*c + 145 = 0. Let m = a + -347. Let l = m - -313. What is the tens digit of l?
9
Suppose 5*a = -189*h + 192*h + 58379, -4*h = 12. What is the hundreds digit of a?
6
Let z(x) be the first derivative of 5*x**4/4 + x**3/6 + x**2 + 2. Let h(w) be the second derivative of z(w). What is the tens digit of h(1)?
3
Let j = 32353 + -20310. What is th